21 is divided by 1806316.
89
What is the remainder when 50405417 is divided by 212681?
20
What is the remainder when 8850526 is divided by 3666?
802
What is the remainder when 109737 is divided by 27097?
1349
Calculate the remainder when 109214 is divided by 650.
14
Calculate the remainder when 1654307 is divided by 413564.
51
Calculate the remainder when 3381 is divided by 2334.
1047
Calculate the remainder when 16092004 is divided by 7998.
28
What is the remainder when 93383 is divided by 93325?
58
What is the remainder when 1766840 is divided by 3353?
3162
Calculate the remainder when 215984536 is divided by 7.
5
Calculate the remainder when 220612 is divided by 72114.
4270
What is the remainder when 269461 is divided by 4035?
3151
Calculate the remainder when 69219 is divided by 22880.
579
Calculate the remainder when 237417 is divided by 826.
355
What is the remainder when 1467344 is divided by 3333?
824
Calculate the remainder when 1073996 is divided by 95.
21
Calculate the remainder when 368554526 is divided by 434.
424
What is the remainder when 311861 is divided by 28349?
22
Calculate the remainder when 7248 is divided by 611.
527
What is the remainder when 202570 is divided by 558?
16
What is the remainder when 60665 is divided by 14201?
3861
Calculate the remainder when 12206128 is divided by 34.
26
What is the remainder when 5267314 is divided by 159595?
679
Calculate the remainder when 23911 is divided by 23891.
20
Calculate the remainder when 23656 is divided by 23636.
20
Calculate the remainder when 7677523 is divided by 8318.
9
What is the remainder when 802866 is divided by 4469?
2915
What is the remainder when 3742753 is divided by 4347?
4333
What is the remainder when 637285 is divided by 16769?
63
Calculate the remainder when 4382573 is divided by 4608.
365
Calculate the remainder when 36347539 is divided by 1721.
19
What is the remainder when 578755 is divided by 2174?
471
Calculate the remainder when 149520 is divided by 441.
21
What is the remainder when 70164685 is divided by 23388200?
85
Calculate the remainder when 22290935 is divided by 4458186.
5
What is the remainder when 930626818 is divided by 71?
69
What is the remainder when 1213326 is divided by 31110?
36
What is the remainder when 2686572 is divided by 157?
145
What is the remainder when 67358 is divided by 324?
290
What is the remainder when 9014681 is divided by 819513?
38
Calculate the remainder when 45609589 is divided by 98.
95
Calculate the remainder when 192889498 is divided by 13777821.
4
Calculate the remainder when 57036051 is divided by 19012017.
0
Calculate the remainder when 1210151 is divided by 20838.
1547
What is the remainder when 4557 is divided by 3769?
788
What is the remainder when 6066987 is divided by 18?
15
What is the remainder when 77395187 is divided by 101?
99
Calculate the remainder when 15922397 is divided by 657.
2
Calculate the remainder when 154372 is divided by 11836.
504
What is the remainder when 3557427 is divided by 39?
3
What is the remainder when 337398 is divided by 7984?
2070
What is the remainder when 867686 is divided by 534?
470
Calculate the remainder when 295619 is divided by 473.
467
What is the remainder when 512467 is divided by 243?
223
What is the remainder when 52355646 is divided by 1175?
1171
What is the remainder when 664892 is divided by 431?
290
What is the remainder when 28896 is divided by 1100?
296
What is the remainder when 836976 is divided by 372?
348
What is the remainder when 952016 is divided by 83?
6
What is the remainder when 2191997 is divided by 400?
397
What is the remainder when 3655462 is divided by 3416?
342
Calculate the remainder when 3808145 is divided by 136005.
5
Calculate the remainder when 2437511 is divided by 454.
439
Calculate the remainder when 12563938 is divided by 66.
46
Calculate the remainder when 323839 is divided by 936.
919
Calculate the remainder when 4490651 is divided by 144852.
239
Calculate the remainder when 27079589 is divided by 3731.
3722
Calculate the remainder when 39409438 is divided by 185.
183
What is the remainder when 17114181 is divided by 235?
71
What is the remainder when 52554 is divided by 7419?
621
What is the remainder when 162370 is divided by 9539?
207
Calculate the remainder when 15024169 is divided by 114.
109
What is the remainder when 1371509 is divided by 105462?
503
What is the remainder when 1993815 is divided by 49?
5
Calculate the remainder when 380995 is divided by 2202.
49
What is the remainder when 17207174 is divided by 3052?
3050
What is the remainder when 620671 is divided by 310333?
5
What is the remainder when 112388540 is divided by 24?
20
Calculate the remainder when 1957525 is divided by 326234.
121
What is the remainder when 563237 is divided by 248?
29
What is the remainder when 4401043 is divided by 1467002?
37
What is the remainder when 13882518 is divided by 123?
0
Calculate the remainder when 6432 is divided by 3120.
192
What is the remainder when 31649 is divided by 7699?
853
Calculate the remainder when 2220148 is divided by 10.
8
What is the remainder when 179574 is divided by 506?
450
What is the remainder when 303418 is divided by 504?
10
Calculate the remainder when 87399 is divided by 627.
246
What is the remainder when 58151 is divided by 9575?
701
What is the remainder when 13344575 is divided by 103?
101
Calculate the remainder when 4404392 is divided by 2025.
17
What is the remainder when 674467 is divided by 224709?
340
What is the remainder when 19679380 is divided by 6559783?
31
Calculate the remainder when 251947270 is divided by 818.
816
What is the remainder when 33943 is divided by 33424?
519
What is the remainder when 11804452 is divided by 331?
330
Calculate the remainder when 3305066 is divided by 7886.
832
Calculate the remainder when 3300724 is divided by 286.
284
What is the remainder when 63819 is divided by 4057?
2964
Calculate the remainder when 4409190 is divided by 62.
60
Calculate the remainder when 2427967224 is divided by 743.
740
What is the remainder when 5165745 is divided by 202?
201
Calculate the remainder when 751942 is divided by 93992.
6
What is the remainder when 112078 is divided by 440?
318
Calculate the remainder when 3106168 is divided by 22186.
128
Calculate the remainder when 13936606 is divided by 103.
88
Calculate the remainder when 27739136 is divided by 3180.
3176
Calculate the remainder when 24253154 is divided by 27.
26
Calculate the remainder when 1439029 is divided by 1042.
27
What is the remainder when 533999 is divided by 60?
59
What is the remainder when 5381055 is divided by 10?
5
What is the remainder when 1383571 is divided by 217?
196
Calculate the remainder when 2576254 is divided by 317.
312
What is the remainder when 459075 is divided by 31?
27
What is the remainder when 5324130 is divided by 1707?
1704
What is the remainder when 70124 is divided by 4997?
166
Calculate the remainder when 9963646 is divided by 4981814.
18
What is the remainder when 40181 is divided by 38261?
1920
Calculate the remainder when 13103870 is divided by 21.
17
What is the remainder when 13785104 is divided by 11526?
8
Calculate the remainder when 17396 is divided by 6336.
4724
Calculate the remainder when 1791271 is divided by 895477.
317
Calculate the remainder when 3045177 is divided by 761156.
553
Calculate the remainder when 750460 is divided by 20846.
4
What is the remainder when 41398916 is divided by 6247?
47
What is the remainder when 64880 is divided by 10345?
2810
Calculate the remainder when 767742 is divided by 255853.
183
What is the remainder when 1106035 is divided by 2765?
35
Calculate the remainder when 1779344 is divided by 1494.
1484
What is the remainder when 39802833 is divided by 19901413?
7
What is the remainder when 62887817 is divided by 159?
137
Calculate the remainder when 73992 is divided by 6630.
1062
Calculate the remainder when 37955454 is divided by 5851.
17
What is the remainder when 5389944 is divided by 327?
3
Calculate the remainder when 136810 is divided by 114.
10
What is the remainder when 566484824 is divided by 115?
114
Calculate the remainder when 1039618 is divided by 4884.
4210
Calculate the remainder when 844976 is divided by 2